45 - a = -4*l. What is the tens digit of l?
2
Let g(q) = 99*q + 1. What is the tens digit of g(1)?
0
Suppose -5*q + 141 = -2*q. What is the tens digit of q?
4
Let y = -8 + 9. What is the units digit of (0 + y)*(4 - 0)?
4
Let l be (3 - 2)/((-2)/(-48)). Let o be (2/4)/((-1)/l). What is the tens digit of (-1 - 7)*15/o?
1
Suppose 8 = 3*z + 20. Let l be (6/(-9))/(z/(-6)). What is the units digit of (-2)/l + (-24)/(-8)?
5
Suppose 0 = -4*l - k - 32, -2*l - l + 3*k - 39 = 0. Let b be 3 - 3/(l/(-3)). Suppose -x - 2*z + 11 = 0, -3*x - 5*z + 50 = b*x. What is the units digit of x?
9
Suppose 482 = 2*y + 4*l - 6*l, 5*y - l - 1189 = 0. What is the hundreds digit of y?
2
Let k be (1/2)/(1/10). Suppose 3*u - v = u + 57, 0 = -k*u - 5*v + 135. What is the units digit of u?
8
Let c(h) = -h**2 + 14*h. What is the tens digit of c(13)?
1
Let i(d) = -d**3 + d**2 + d + 1. Let y be 2/(-6) - 10/(-3). Let z be i(y). Let f = z - -24. What is the units digit of f?
0
Let t be (-4)/(-2)*(1 - -1). Suppose t*q = 4*n + 64, -4*q - 12 = 3*n + 29. Let l = -8 - n. What is the units digit of l?
7
Let i = -7 - -14. What is the units digit of i?
7
Suppose 0*k + k - 14 = 0. Let q = -24 + k. What is the units digit of 4/(-5)*q/4?
2
Let d = -22 - -37. Suppose -2*m + 8 = 3*g, 5*g + 5*m = 5 + d. Suppose 10 = 2*c - g. What is the units digit of c?
5
Let l(j) = -7 + 2*j + 5*j - 9*j. What is the tens digit of l(-10)?
1
Suppose 4*o + 5 = 13. Suppose 2*t = -i + 18, -i - o*t = -3*i + 12. Let n = i - -1. What is the tens digit of n?
1
Suppose -3*z - 2*z = -200. What is the tens digit of z?
4
Let c(x) = -2*x + 7 + 6*x - x. Let a be c(-5). Let g = -4 - a. What is the units digit of g?
4
Let h(o) = -17*o - 28. What is the units digit of h(-2)?
6
Let q = -5 - -8. Suppose q*j + 15 = 0, t - 3*j = -15 + 35. Let f(i) = -i**2 + 4*i + 7. What is the units digit of f(t)?
2
What is the hundreds digit of 1 + 158 + (7 - 9/3)?
1
What is the tens digit of 27/(-9)*(-4 - 0)?
1
Let h(f) be the first derivative of f**4/4 + 2*f**3/3 + 2*f + 2. Let w be h(-2). Suppose -4*r + 2*v + 12 = -0*r, -r + w*v = 0. What is the units digit of r?
4
Let b = -144 + 277. What is the tens digit of b?
3
Let k(b) = 9*b**2 + b. What is the units digit of k(-1)?
8
Suppose 6*h - 299 = 1867. What is the hundreds digit of h?
3
Let s(c) = -c**2 + c + 11. Let r = 12 - 8. Suppose 0 = -5*b + k - 2, -5*b + b = -2*k + r. What is the units digit of s(b)?
1
Let m(n) = n**3 + 10*n**2 + 8*n + 3. What is the units digit of m(-6)?
9
Let x(t) = -t**2 - 27*t - 3. What is the tens digit of x(-18)?
5
Suppose 4*z + 2*m = 15 - 63, 4 = m. What is the tens digit of (-3)/(-21) + (-488)/z?
3
Let a(d) = d**2 + 9*d - 9. Let p be a(-9). Let q(k) = k**3 + 8*k**2 - 12*k - 4. What is the tens digit of q(p)?
2
Suppose -3*y + 5*y = 94. What is the units digit of y?
7
Suppose 5*k - 60 = -5*i, -k + 0*k = 2*i - 28. What is the units digit of i?
6
Let l be ((-2)/4 - 0)*6. Let t(y) = -y**3 - 3*y**2 + 2*y + 4. Let o be t(l). What is the units digit of o/6 + (-14)/(-6)?
2
Suppose 0 = -4*t + 3*f - 11, t - 4*t - 1 = 5*f. Let q(o) = o**2 - 2*o. Let i be q(t). Let s = -7 + i. What is the units digit of s?
1
Suppose 3*a = -2*a. Suppose -o - 4*o + 20 = a. Suppose o*p = -u + 25, -4*p - 4 + 19 = -u. What is the units digit of p?
5
Let n(k) = -2*k**2 - k. Let j(f) = 3*f**2 + f. Let u(o) = 5*j(o) + 4*n(o). What is the units digit of u(-1)?
6
Suppose -5*g + 265 = -80. What is the tens digit of g?
6
Let k(n) = -n**3 + 6*n**2 + 2*n - 8. Let q be k(6). Suppose -q*o + 185 = 4*p + 29, -51 = -p + 5*o. What is the tens digit of p?
4
Suppose -3*w = 4*g - 110, 67 = 4*w - 5*g - 59. What is the units digit of w?
4
What is the units digit of (5 + -3)*22/4?
1
Let d = 26 - 9. What is the tens digit of d?
1
Suppose m - 2*m = -3. Suppose 5*p = 5*k - 0*p - 40, -m*k - 2*p + 24 = 0. What is the units digit of k?
8
Let p be 4/(2/7 - 0). Suppose p = 2*w - 42. What is the units digit of w?
8
Suppose -20*n + 28*n = 1128. What is the hundreds digit of n?
1
Suppose 0 = -3*y + 9 + 24. Suppose 0 = -3*s + 16 + y. What is the units digit of s?
9
Let r(t) = 2*t**2 + t - 2. Let d be r(2). Suppose 0 = -4*l + 2*l + d. What is the units digit of l?
4
Let x(y) = -y**3 - 6*y**2. Let r be x(-6). Suppose -3*z = -14 + 2. Let c = r + z. What is the units digit of c?
4
Suppose n - 65 - 40 = -3*b, -5*b = n - 111. What is the units digit of (12/(-18))/((-2)/n)?
2
Let c(t) = -7*t - 3. Let g be ((-64)/40)/((-4)/10). Suppose -3*z = -z + g. What is the units digit of c(z)?
1
Let y = 2 - 2. Let r be y - (14 - (2 - 2)). What is the units digit of r*(-1 - 1/(-2))?
7
Let g(n) = 93*n**3 - 2*n**2 + n. Let m be g(1). Suppose 0 = 4*q - 5*y - m, 4*q - 5*q + 23 = -5*y. What is the units digit of q?
3
Suppose q - 395 = -2*v, 345 = 3*v - 2*q - 230. What is the hundreds digit of v?
1
Suppose -h - h + 424 = 0. What is the units digit of h?
2
Suppose 0 = y - 6*y - 15. Let q be 35/14*(1 + y). What is the units digit of q/((-25)/8)*5?
8
Let g(v) be the second derivative of v**4/12 - 2*v**3/3 - 3*v. What is the units digit of g(5)?
5
Let z = 23 + 19. What is the tens digit of z?
4
Let v = -199 + 103. Let h = -65 - v. What is the units digit of h?
1
Let o(d) = d**2 - 5*d - 8. Let s = -20 + 10. Let k = 17 + s. What is the units digit of o(k)?
6
Let p = 65 - 44. Suppose 3*w - 9 - p = 0. What is the units digit of w?
0
Let g(y) = 7*y + 8. Let v be g(-7). Let k = 75 + v. What is the tens digit of k?
3
Let r be 6*(-9)/6 - 3. What is the units digit of (r/(-36))/(2/54)?
9
What is the units digit of 198 - 4/8*-4?
0
Suppose -2*a + 5*a = o, 0 = -a - 3*o. Suppose -5*g + w + 23 = a, -g - 3*g + 7 = 3*w. What is the units digit of g?
4
Suppose -d + 2*d - 8 = x, -4*d = 3*x - 11. What is the units digit of d?
5
Let q = -20 + 14. Let p(j) = j**3 + 7*j**2 + 5*j + 4. What is the units digit of p(q)?
0
Let s(t) be the second derivative of -t**5/20 + t**4/2 - 2*t**3/3 - t**2 + 2*t. What is the units digit of s(5)?
3
Let h = 20 + -13. Suppose m - 14 = h. What is the units digit of m?
1
Let o(b) = 375*b + 3. Let p be o(-2). What is the units digit of p/(-39) - (-8)/(-52)?
9
Suppose 2*n = 287 + 351. What is the units digit of n?
9
Let m(f) = 2*f - 1. Let a be m(2). Suppose -8 = -4*h - 2*c, 6 = 2*c - 2. Suppose r - 7 = -5*u, a*r + 17 = 4*u - h*r. What is the units digit of u?
2
Let t be 8/10 - (-198)/15. Let g = t + -9. What is the units digit of g?
5
Let f(a) = 3*a**2 - 3*a + 2. Let c be f(2). Let p = c + -5. Suppose q + 4*m - 3 = p*m, 4*q - 9 = -m. What is the units digit of q?
2
Suppose 3*g = y - 1, 5*g + 0 = y + 1. Let j be 0 - 2 - (-2)/g. Suppose 5*x = -j*x + 55. What is the tens digit of x?
1
Let f(a) = 3*a - 8. Let x be f(6). Let l be (-6)/4*x/(-3). Suppose 5*j = -3*h + 20, -l = -5*j - 0. What is the units digit of h?
5
Let v(p) = -p**2 - 10*p - 4. Let u(f) = -f**3 + 5*f**2 - 2*f + 2. Let m be u(5). What is the tens digit of v(m)?
1
Suppose -12*r + 10 = -10*r. What is the units digit of r?
5
Let i(b) = 42*b**2 - b + 1. What is the hundreds digit of i(-2)?
1
Let c = 27 + 14. What is the tens digit of c?
4
What is the units digit of 0 + (7/3)/(2/60)?
0
Let u(o) = 12*o - 5. What is the tens digit of u(12)?
3
Let z(b) = b**3 + 7*b**2 - 3*b - 9. What is the tens digit of z(-4)?
5
Let w(i) = -i**2 + 7*i - 4. Let l be w(6). Suppose l*d = d + 12. What is the units digit of d?
2
Suppose 9*z = 5*z + 1216. What is the units digit of z?
4
Let a(h) = 17*h - 87. What is the tens digit of a(14)?
5
Let v(m) = -m**3 - 6*m**2 + m + 6. Let n be v(-6). Suppose -5*s = -8 - 12. Suppose n = 4*i + 4, 0 = -0*j + s*j + 3*i - 17. What is the units digit of j?
5
Let j(a) = -16*a. What is the units digit of j(-3)?
8
Let m(u) = -u + 9. Let l be m(7). Let a be (1 - 0)/(l/60). Let f = a - 21. What is the units digit of f?
9
Let b(x) = -x + 5. Let d be b(9). Let i(k) = -4*k - 4. What is the units digit of i(d)?
2
Let d(h) = -h**2 - 6*h - 6. What is the units digit of d(-3)?
3
Let a = -1 - -5. Suppose 16 = a*w - 20. What is the units digit of w?
9
Suppose -4*d = -3*f + 8, 4*d = -3*f + 2*f + 24. What is the units digit of f?
8
Let j(s) = -s**2 - 6*s - 3. Let x be j(-5). Suppose x*c - 5 = -o - 4*o, -10 = 5*o + 5*c. What is the units digit of o?
3
Let l(v) be the first derivative of -v**2 + 8*v + 3.